e tens digit of (t - 84)*48*1?
3
Let j be (-56)/16*(-40)/14. What is the hundreds digit of (2/j + 0)*(3628 - 173)?
6
Let x(d) = 5*d**3 - 6*d**2 + 2*d - 15. Let r be x(7). Suppose -36*v - 2875 = -4*j - 35*v, 2*j - 4*v = r. What is the units digit of j?
0
Suppose 0 = 5*i + 15*i - 60. Suppose -2*k - 1897 = -i*o, 12*o - 15*o - 5*k = -1883. What is the units digit of o?
1
Let s(r) = -r**3 + 4*r**2 + 4*r + 3. Let l be s(4). Let j = -12 + l. Suppose -2*v + 630 = 4*n, -3*n + 470 = -j*v + 8*v. What is the hundreds digit of n?
1
Let f = 775 + 780. What is the hundreds digit of f?
5
Let h = -19131 - -32789. What is the units digit of h?
8
Let p(c) = -452*c + 362. What is the thousands digit of p(-8)?
3
Suppose -3*r + 54 = 5*n, -r + 7 = n - 11. Let k(b) = b**2 + 6*b - 36. Let g be k(-11). Suppose -r*w + g*w = 24. What is the units digit of w?
4
Let s(f) = 342*f + 5. Let w(h) = -1025*h - 15. Let k(a) = 11*s(a) + 4*w(a). Let v be k(-1). Suppose -4*o + v = -o. What is the units digit of o?
1
Let r be 29*2*2/4. Let a = r + -24. Suppose 262 = a*z - 2*v, -34 = -0*z - z + 5*v. What is the units digit of z?
4
Suppose -8*k - 513864 = 5*k - 21*k. What is the tens digit of k?
3
Suppose 0 = 5*s + 2*v - 37113, 14439 = 2*s - 3*v - 391. What is the tens digit of s?
2
What is the thousands digit of (0 - (-226072)/144*14) + 4/(-18)?
1
Suppose -2*p + 30945 = 5*x, -2171 + 48566 = 3*p + 3*x. What is the tens digit of p?
6
Let g(z) = -z**2 + 7*z - 1. Let d be g(2). Suppose -5*r + d*r + 5443 = -s, 3*r = -s - 4083. What is the hundreds digit of 6/((-12)/r*5)?
1
Let h = 181 - 120. Let n = h + -349. Let m = -187 - n. What is the hundreds digit of m?
1
Let x(y) = -y**2 - 2*y + 2. Let n be x(-4). Let v be 7/21 - 22/n. Suppose 0 = -f + v*c - 0*c - 3, -10 = -2*c. What is the tens digit of f?
1
Let m be (1 - (0 + 5)) + 7. Suppose -i = -4*u - 668, -i + 321 = -m*u - 342. What is the units digit of i?
8
Suppose 5*z + 229 = -81. Suppose -79*s = -108*s + 232. Let l = s - z. What is the units digit of l?
0
Suppose -7*h + 12*h - 25 = 0, 17 = -4*k + 5*h. Suppose m - 3303 = -k*u, 0 = u + 3*m - 8*m - 1635. What is the hundreds digit of u?
6
Let d(w) = 356*w**2 + 144*w + 40. What is the thousands digit of d(-13)?
8
Let t = -545 - -385. Let q = t - -476. What is the hundreds digit of q?
3
Let g(t) = -t**2 + 16*t + 6. Let q(b) = -b**3 + b**2 - b + 14. Let c be q(0). Let l = 23 - c. What is the tens digit of g(l)?
6
Suppose 4*t + 2*s = 116948, t + 4*s - 13528 = 15695. What is the thousands digit of t?
9
What is the hundreds digit of (785358/441)/((-2)/(-35))?
1
Let s = 14 - -8. Suppose 12*q - s*q = -2240. What is the hundreds digit of q?
2
Suppose 10*z + 6*z = 704. Suppose 115 = 2*o - 3*f, 3*o + 3*f = 125 + 10. Let t = o - z. What is the units digit of t?
6
What is the units digit of 8/(-6)*(-83055)/452?
5
Let t(a) = 64*a**3 - a**2 - a - 4. Let w be t(-2). Let h = -338 - w. What is the hundreds digit of h?
1
Let t(l) = 10*l + 4. Let m be t(-4). Suppose -8991 = -6*r - 9003. What is the tens digit of (-1 - (3 + r))/(2/m)?
3
Suppose 1189980 = 48*b + 12*b. What is the thousands digit of b?
9
Suppose 5*m - 108110 = 5*g, 0 = 5*m + 9*g - 17*g - 108131. What is the tens digit of m?
1
Suppose n = -13*t + 14*t + 3059, -2*n = 2*t - 6102. What is the hundreds digit of n?
0
What is the hundreds digit of (-450)/30*((-8571)/15 + 0) - 4?
5
Let w(c) = -3*c + 2. Let t(p) = -p - 1. Let a(b) = 5*t(b) - w(b). Let r be a(-13). Let j(n) = 5*n - 45. What is the tens digit of j(r)?
5
Suppose 65980 = -67*g + 69*g + c, 5*g + 2*c = 164951. What is the tens digit of g?
9
Suppose 0 = -15*w + 16*w - 4. Suppose w*c = f - 375, 0*f - f + c = -390. Suppose x + x - 169 = 3*i, -5*x + 2*i + f = 0. What is the units digit of x?
7
Let u = -19056 - -30665. What is the hundreds digit of u?
6
Suppose 276 = -10*s + 12*s - 3*l, 4*s - l - 532 = 0. Let a = s + -18. What is the tens digit of a?
1
Suppose 0 = -5*f + 6 + 4, i + 5*f = 60. Suppose 2*m - c - 638 = 0, -m + 4*c + 355 - i = 0. What is the hundreds digit of m?
3
Suppose -y = 26*y - 10665. Let a = y + -140. What is the tens digit of a?
5
Let c = 14725 + -10461. What is the tens digit of c?
6
Suppose -132 = -48*k + 36*k. What is the units digit of (-320)/30 + k - 5138/(-3)?
3
Suppose 13*u + 6120 = 7*u. Let w = -514 - u. What is the units digit of w?
6
Suppose m = 4*m + 315. Let y = 107 + m. Suppose -3*q - 390 = -0*w - 3*w, -276 = -2*w - y*q. What is the hundreds digit of w?
1
Let p = -20574 - -36454. What is the tens digit of p?
8
Let z = -23 + 38. Let a(u) = -9*u**2 + 65*u - 62. Let j(w) = 5*w**2 - 33*w + 31. Let l(f) = -3*a(f) - 5*j(f). What is the units digit of l(z)?
1
Suppose 3*f - 2*k - 14083 = 0, -f - k + 965 = -3721. Suppose 4031 = 7*t - f. What is the units digit of t?
6
Let i(l) = -162*l + 843. What is the hundreds digit of i(-35)?
5
Suppose -42*n + 1203180 + 183492 = 0. What is the hundreds digit of n?
0
Let b(c) = 1174*c**2 + 388*c - 1562. What is the units digit of b(4)?
4
Let x be (14/5)/7 - 67/5. Let n = 19 + x. Suppose 2*h = n*h - 92. What is the tens digit of h?
2
Suppose 0*t + 1265 = 5*i + t, 0 = -3*i + 5*t + 787. Suppose -3*p + 1188 = 5*n, 3*p = -n - i + 1454. What is the tens digit of p?
0
Suppose 3*m + 40610 = 4*p - 16500, -5*m - 57122 = -4*p. What is the ten thousands digit of p?
1
Suppose 5*y - 4 = 6*y, -q + 5*y + 2461 = 0. Suppose 0 = -2*n + 5*r + 1669, q = 3*n + 4*r + r. What is the units digit of n?
2
Let i(o) = 2*o**3 + 9*o**2 - 5*o - 5. Let g be i(-4). Suppose -5 = -6*y + g. Suppose 0*n + 162 = y*n. What is the units digit of n?
7
Let t be 3/(-21) - 150/(-70). Let r be 870/225 - t/(-15). Let b(o) = 8*o + 8. What is the units digit of b(r)?
0
Let u = -35 - -364. Suppose -15*w + 13979 = u. What is the hundreds digit of w?
9
Let k(v) = v**2 - 15*v - 23. Let n be k(17). Suppose n*a + a - 72 = 0. Suppose 2*c + 324 = 4*u + a*c, 327 = 4*u + 3*c. What is the tens digit of u?
8
Let w(s) = -s - 1. Let f be w(-5). Suppose -a - f*u + 112 = 0, 0 = a + a - u - 197. What is the units digit of a?
0
Suppose 82*i - 360 = 74*i. Suppose -68*f = -i*f - 7452. What is the hundreds digit of f?
3
Let r(q) be the first derivative of -4 + 3*q**2 - 1/4*q**4 + 16/3*q**3 - 31*q. What is the units digit of r(16)?
5
Suppose 13 + 2 = -t. Let w(o) = o**3 + 20*o**2 + 38*o - 9. What is the hundreds digit of w(t)?
5
Let r = 22 - -449. Let d = r - 94. What is the units digit of d?
7
Suppose -5*q + 32515 = i, 4*i - i - 97445 = 5*q. What is the thousands digit of i?
2
Let y be 52/(-5)*(-5)/2. Let j = y - 32. What is the units digit of (-482)/(-8) + j/(-8)?
1
Let v(s) = -s**3 - 31*s**2 - 50*s + 489. What is the hundreds digit of v(-35)?
1
Let b(p) = p**2 + p - 78. Let h be b(9). What is the hundreds digit of (-6)/h - 587/(-2) - 2?
2
Let g be (-9100)/(-40) - (-2)/(4/(-3)). Let h = 252 - g. What is the units digit of h?
6
Let z be (-13)/(13/4) - (4 + 0). Let u be (z/(-10))/(3/15). Suppose 61 + 15 = u*o. What is the tens digit of o?
1
Suppose -27*q - 5*x = -24*q - 97228, 5*q + 5*x - 162050 = 0. What is the hundreds digit of q?
4
Let b(v) be the third derivative of -v**5/60 - 31*v**4/12 + 9*v**3/2 - 2*v**2 + 21. What is the tens digit of b(-42)?
6
Let j(y) = -145*y + 27. Let g be j(-13). Let l be 1 + g/10*35/14. Suppose -1431 = -7*x - l. What is the units digit of x?
6
Let f = -11582 - -20189. What is the thousands digit of f?
8
Let h = 6004 + -5548. What is the units digit of h?
6
Let w(x) = -2*x + 6. Let n be w(2). Let p = 18 + -15. Suppose -5*a - n*k = -266, -3*k = -p*a + 172 - 25. What is the tens digit of a?
5
Let o = 7564 - 4731. What is the hundreds digit of o?
8
Let n(i) = 3*i - 14. Let z be n(6). Suppose 4*y = -z*a + 7728, 4879 = 3*y - 5*a - 893. What is the tens digit of y?
2
Let u = 8652 - -12479. What is the ten thousands digit of u?
2
Let g(l) = 3*l. Let f be g(4). What is the tens digit of 9/(-3) - f*444/(-9)?
8
Let m(n) = -2*n**3 - n**2 + 2*n + 3. Let c be m(-2). Let d(p) = -9*p + 16. Let a(y) = -40*y + 63. Let g(o) = -2*a(o) + 9*d(o). What is the units digit of g(c)?
7
Suppose 55*p - 4*y - 963 = 58*p, 2*p = 4*y - 642. Let d = p + 353. What is the units digit of d?
2
Let q be (1/(-3))/(-1 + (-119)/(-126)). Suppose -88 - 992 = -q*k. Let o = -107 + k. What is the units digit of o?
3
Suppo